+ 32. Let i be b(-16). Suppose -5*v - 6*x + 150 = -8*x, -v = -4*x - 12. Calculate the greatest common divisor of v and i.
16
Let z be (21/4)/(-6 - 6340/(-1056)). Let j be z/(-4)*(-12)/9. What is the greatest common factor of j and 42?
42
Let c(y) = 2*y**2 + 3*y - 6. Let p be c(6). Let q(a) = -22*a + 2. Let s be q(-2). Let g = p - s. Calculate the highest common factor of 152 and g.
38
Suppose -2*l + 5*c = -0*c - 139, c = 3*l - 189. Suppose -12*k - l = -2414. Calculate the greatest common factor of 8 and k.
4
Suppose 41*o - 40*o = -49. Let x = 94 - o. Calculate the greatest common factor of 13 and x.
13
Let z(y) = -y**3 + 5*y**2 + 11*y - 26. Let s be z(6). What is the greatest common factor of s and 92?
4
Suppose 3*t - 5730 = -4*h, 5*h - 2*t - 7146 = -3*t. What is the highest common divisor of 24 and h?
12
Suppose 14994 = 225*r - 13131. Let y be (200/(-70))/(4/(-14)). Calculate the highest common divisor of r and y.
5
Let k(l) = -489*l + 1. Let s be k(-2). Suppose q - 5*q + 16 = 0, -5*x - 4*q = s. Let d = -139 - x. Calculate the highest common factor of 15 and d.
15
Suppose 2*q + 3*l = 5*q + 24, q + 4*l = 12. Let p be 1/q + -5 + 420/16. Calculate the highest common divisor of p and 28.
7
Let t be 15/(-9)*(24 + 0). Let v be (84/10)/((-540)/14400). Let c be (v/t)/((-2)/(-15)). Calculate the greatest common divisor of c and 21.
21
Suppose -i - 2*h = -169, -19*i = -23*i + 2*h + 696. What is the highest common factor of 12629 and i?
173
Suppose -99*h + 128 = -95*h. What is the highest common divisor of 3872 and h?
32
Suppose -5 = -g - 2*u, 0 = -3*g - 5*u + 4 + 10. Let c(x) = 13*x**3 - 3*x**2 + 7*x - 20. Let d be c(g). What is the highest common divisor of d and 13?
13
Let y = 55 + -19. Let a be -4 + (-8)/(-2) + 6. Suppose -8*m = -a*m - y. What is the highest common divisor of m and 198?
18
Suppose 5*o + 2 - 17 = 0. Suppose -o*k - 65*a = -62*a - 678, -k - 2*a + 227 = 0. Calculate the greatest common divisor of k and 27.
9
Let j(u) = 59*u - 1355. Let y be j(23). Suppose -5*x - 2*m + 108 = 0, 5*m - 7 - 10 = -x. Suppose -2*w = 2 - x. What is the greatest common factor of w and y?
2
Let t be 10/(-5) - 2 - -2. Let s be 6/t + (3 + 23 - 1). What is the highest common divisor of 154 and s?
22
Let c be 2/8 - (-166)/8. Let b be 2*(777/296)/(3/4). Calculate the greatest common factor of c and b.
7
Let i be 919/(-4) + 12/16. Let w = -220 - i. Calculate the highest common divisor of 63 and w.
9
Suppose -2*t - 10 = -4*m, -4*m + 0*m = -t - 13. Let x be (-4 + -84 - -7)*(-1)/t. Calculate the highest common factor of 621 and x.
27
Let d = 3611 - 3293. Calculate the greatest common divisor of 15 and d.
3
Suppose -151 = -v - j, 76*j - 74*j = 4*v - 610. What is the highest common factor of v and 361?
19
Let l = 39839 - 39805. Calculate the greatest common divisor of l and 6817.
17
Suppose -44*m = 9*m - 9991 - 8612. What is the greatest common factor of 455 and m?
13
Let x = 26968 + -26847. Let k be (-31 + -2)/(6/(-4)). What is the highest common factor of k and x?
11
Suppose 24 = 2*j + 2*j. Let d(u) = 2*u**2 - 2. Let f be d(1). Let v be 270/15 - (0 + f). Calculate the greatest common divisor of j and v.
6
Let n(m) = 24*m**2 + 317*m + 113. Let p be n(-13). What is the highest common divisor of 6144 and p?
48
Let d = 179 + -108. Let z = -43 + d. Let q be (-180)/7*z/(-6). Calculate the highest common divisor of 15 and q.
15
Let i be ((-1)/2 - 0)*-2. Let h be (-2)/(6/(-99)*i). Let b(s) = -20*s**3 + 16*s**2 + 4*s + 1. Let q be b(-1). Calculate the highest common divisor of q and h.
33
Let h = 156 - 118. Let g = 22 + h. Calculate the greatest common divisor of g and 40.
20
Let b be -10*((-34)/4 + -51 + 49). Suppose -x + 0*x - 4 = 0. Let w be 334/8 + x/(-16). Calculate the greatest common divisor of b and w.
21
Let q(j) be the first derivative of -3*j**2/2 - j + 2. Let r be q(-3). Let t be ((-78)/(-3) - -1) + -21 + 18. Calculate the greatest common factor of t and r.
8
Let w(s) = 31*s - 1. Let x be w(-3). Let c = -61 - x. Let f = -22 + c. What is the greatest common divisor of 33 and f?
11
Let k = -47283 - -47401. Suppose 0 = 5*t - 5*d - 310, -3*t = -t + 3*d - 109. What is the highest common divisor of k and t?
59
Let m(z) = -11 + 34*z + 583*z**3 + 0 + 14*z**2 - 584*z**3. Let g be m(16). Calculate the highest common factor of g and 3.
3
Let h = -14925 + 24284. What is the highest common factor of 191 and h?
191
Let t = 43 + -76. Let m be t/2*(-16)/6. Suppose -8*r + 4*r = -m. What is the highest common factor of r and 77?
11
Let r(n) = 100*n**2 - 380*n - 3. Let l be r(4). Calculate the highest common factor of l and 2177.
7
Suppose 13*y - 19752 - 15716 = 18053. What is the greatest common divisor of 46 and y?
23
Suppose 0 = -w + 90 + 60. Let v = -98 + w. Suppose 54*u - 252 = v*u. Calculate the highest common factor of u and 18.
18
Let d be 273/(40/(-5) - -9). What is the greatest common factor of 1794 and d?
39
Suppose 0*z - z = 2, -c + 28 = -3*z. Suppose 3 = f, 4*h + 2*f - c = -0*h. Let p be (-41)/(-4) + (-1)/h. What is the greatest common divisor of 4 and p?
2
Let s = -29541 + 30130. Calculate the greatest common divisor of s and 2.
1
Let h(f) = -2*f**2 + 15*f - 11. Let c be h(7). Let r be 51 + 2 + (-5 - c). Let m = r - 32. What is the highest common divisor of 70 and m?
10
Let u(b) = -9*b**2 + 404*b + 28. Let f be u(14). What is the greatest common factor of f and 24?
8
Suppose -w + 9740 = -4*k, 0 = -35*k + 32*k - 3. What is the highest common divisor of w and 8?
8
Suppose -2*l + 91*b + 66 = 88*b, 5*b = -2*l + 66. Calculate the greatest common factor of l and 2893.
11
Suppose -212 = -4*j + 6*h, -4*j + 123*h = 125*h - 196. What is the highest common divisor of 3350 and j?
50
Let j(a) = 9*a**3 + 13*a**2 - 4*a - 12. Let p be j(6). Suppose 27*n - 3*n = p. Calculate the greatest common divisor of 77 and n.
11
Let q be 3/(6 - 195/35) + -3. Suppose 0 = -i - q*s + 141, -23*i + 19*i + s = -513. Calculate the greatest common divisor of 172 and i.
43
Let l = -5828 - -8637. Calculate the greatest common factor of 159 and l.
53
Suppose 3*o = 7*o + 34356. Let k be o/(-49) - (-2)/(-7). Let c = 245 - k. What is the greatest common divisor of 14 and c?
14
Let i = 343 + -294. Let j = 51 - i. What is the highest common divisor of j and 8?
2
Suppose -m = -0 + 1, 5*m = 3*s - 11. Suppose -265*b - 345 = -2730. What is the highest common factor of s and b?
1
Suppose 173 = 14*x + 47. Suppose 4*m + 4*w - 56 = 0, -5*m = -13*w + x*w - 70. What is the greatest common divisor of 434 and m?
14
Let u(k) = 1301*k - 7791. Let o be u(6). Calculate the highest common factor of 1255 and o.
5
Suppose 2*i - 4 = 2. Suppose 34 - 154 = -i*a. Suppose 187*g = 182*g + 25. Calculate the highest common divisor of g and a.
5
Let a = -4 + 4. Suppose a - 54 = -3*t. Suppose -s + 94 = 2*h, 18*h = 10*s - 13*s + 306. Calculate the highest common factor of s and t.
18
Let y(j) = -90 + 167 - j**3 + 6*j**2 - 87 + 8*j. Let n be y(5). Calculate the greatest common factor of n and 176.
11
Suppose 2*c - 1291 = -j, 6*c - 4*j - 3908 = -0*j. Suppose -c = -42*u + 6*u. Calculate the greatest common divisor of u and 30.
6
Let v(p) = -2*p**2 - 15*p - 6. Let o be v(-6). Let t(m) = -83 - 17*m + 4*m + o + 11. Let a be t(-5). Calculate the highest common factor of a and 95.
5
Let k = -1910 - -14737. Calculate the greatest common factor of k and 127.
127
Let a(s) = 9*s + 94. Suppose -5*b + 10*b = 2*v + 13, 0 = 5*v - b + 44. Let n be a(v). Let x = -1 - -2. Calculate the greatest common divisor of n and x.
1
Let d be -5 - 4 - (-2 + -39). Suppose 3*s + 10 = 4*k, 4*s + 12 = -k + 6*k. Suppose u = -s + d. What is the greatest common factor of 24 and u?
6
Let h be -7 + (-1 - 3) + (1 - -2) - -1980. What is the greatest common factor of 204 and h?
68
Let w = -11 + 24. Let x(l) = -17*l**2 - 441*l + 91. Let i be x(-26). Calculate the highest common divisor of i and w.
13
Suppose -54*k + 105169 + 18545 = 0. What is the greatest common divisor of 58 and k?
29
Let c be (-3)/(-6) + (3 - (-1013)/(-2)). Let v = c + 793. What is the greatest common factor of v and 116?
58
Suppose -g = -c - 43, 57 + 166 = 5*g + 3*c. Calculate the highest common factor of g and 1188.
44
Let l(h) = 116*h**2 - h + 1. Let r be l(1). Suppose 62 - 236 - 12586 = -20*p. Calculate the g